s divided by g(25).
15
Let g = 234 + -25. Let m = -142 + g. What is the remainder when 265 is divided by m?
64
Let x(r) = -91*r - 33. Suppose -5*p + 9 = 39. Let k be x(p). Let c = k - 316. Calculate the remainder when c is divided by 25.
22
Calculate the remainder when 147 + 24/10*(-400)/(-240) is divided by 89.
62
Let s = 22943 - 22398. What is the remainder when s is divided by 91?
90
Let b(x) = x**3 - 21*x**2 + 21*x - 16. Let g be b(20). Suppose -5*h + 0*p = 2*p - 321, -g*h + 246 = -2*p. What is the remainder when h is divided by 22?
19
Suppose -11*r - 97 = -52*r + 9579. Calculate the remainder when r is divided by 231.
5
Let w = 11162 - 9259. What is the remainder when w is divided by 634?
1
Let v = 2151 + -1106. Let d = v - 1025. Let p(x) = -20*x - 4. Calculate the remainder when p(-3) is divided by d.
16
Suppose 4*s = -16 + 92. Suppose -2*d + 20 - 14 = 0. Suppose d*w + 296 = 7*w. Calculate the remainder when w is divided by s.
17
Suppose -4*g + 4*x = -40, 0 + 8 = 2*x. Suppose 0 = -3*l + 5*l - 134. Calculate the remainder when l is divided by ((-48)/g)/(76/(-266)).
7
Suppose 0 = -6*y + 2*y + 92. Let q(i) = -2*i - 49. Suppose -4*k - 3*l = 120, 5*l - 69 = 3*k + 2*l. What is the remainder when y is divided by q(k)?
3
Let i(g) = 2*g + 15. Let y = 68 - 72. What is the remainder when 44 - (2 - (y - -9)) is divided by i(5)?
22
Suppose 365 = 5*h - 3*n, 5*h = 2*n + 191 + 169. Let k be ((126/35)/(2/5))/1. What is the remainder when h is divided by k/27 + 76/6 + 5?
16
Suppose 3*j - 37 = 59. Let l(h) = 5*h**2 + 76*h + 2. Let v be l(-12). Let a = v + 201. Calculate the remainder when j is divided by a.
10
Let a be 17 + 21/(-6) + 1/2. Let l be 2/a + 1/((-14)/7954). What is the remainder when -7*2/(-42) - l/6 is divided by 32?
31
Let t = 3 - -2. Suppose -r + 4 = t. What is the remainder when r/2*(0 - 10) is divided by 3?
2
Let b = -80 - -81. Let u be 13/(b/(-24)*3)*1. Let i = u + 121. What is the remainder when 31 is divided by i?
14
Let l(j) = j**3 + 17*j**2 - 130*j - 931. Suppose -s + 2*s = 32. Calculate the remainder when l(-21) is divided by s.
3
Let l(b) = 4*b**2 - 3*b - 5. Let m(y) = -27*y - 62. Let r be m(-4). Suppose 5*g - r = 39. What is the remainder when l(4) is divided by g?
13
Let w = -14588 + 14646. Suppose -p + 84 = 3*p. Calculate the remainder when w is divided by p.
16
Let z = 16871 + -15459. What is the remainder when z is divided by 115?
32
Suppose 25*i + 29 = 26*i. Suppose 2*j + 7 = -2*s + i, 3*j + 5*s - 37 = 0. What is the remainder when j is divided by (-3)/(-2)*20/15?
1
Let h = 265 - 189. Let n = -522 + 542. What is the remainder when h is divided by n?
16
Let x = 41 + -47. Let d be x/4*(-798)/(-63). Let a = d - -23. What is the remainder when 38 is divided by a?
2
Suppose r - i - 759 = 0, -4*r + 10*i + 3038 = 8*i. Calculate the remainder when r is divided by 153.
148
Suppose 0 = -21*q + 2038 + 482. What is the remainder when 366 is divided by q?
6
What is the remainder when 0 + 5 - 56244/(-109) is divided by 251?
19
Let f = -219 + 77. Let o = -135 - f. Calculate the remainder when 11 is divided by o.
4
Suppose -6*x + 18 = -0*x. Suppose x*v + 28 = -4*t, 2*v + t = 5*t + 8. What is the remainder when 53 is divided by ((-32)/20)/v*45?
17
Suppose 4*q - 5*d = 53, 6 = -d + 1. Let s(y) = y**2 - 8*y + 17. Calculate the remainder when s(q) is divided by 6.
4
Suppose 3*b - 4*w - 16 = 0, 5*b - w - 58 + 3 = 0. Suppose 0 = 61*n - 60*n - b. What is the remainder when n is divided by 8?
4
Let j(g) = g**3 + 14*g**2 - 28*g - 15. Calculate the remainder when j(-11) is divided by 177.
125
Let o = -28 + 10. Let n be o/24 - 734/8*-1. Let u = n + -16. What is the remainder when u is divided by 40?
35
Let b = 3853 - 3264. Calculate the remainder when b is divided by 71.
21
Suppose -3*o + 45*a - 42*a = -69, -42 = -2*o + 4*a. Calculate the remainder when 297 is divided by o.
22
Suppose -3*n + 18 = 6*n. Suppose 23 + 13 = n*b. Calculate the remainder when ((-117)/(-36))/(2/32) is divided by b.
16
Let k(g) = g**3 + 8*g**2 - 22*g - 20. Let i be k(-10). Suppose 5*p - 145 - 65 = i. Suppose 0 = -4*v + 106 + 218. What is the remainder when v is divided by p?
39
Suppose 0 = -k - 0*k + 9. Suppose 10*r - 112 = 72 - 24. What is the remainder when r is divided by k?
7
Let q(a) = 7*a + 14. Let r = 783 + -448. Calculate the remainder when r is divided by q(2).
27
Let z be (57/12)/(11/(-572)). Let y = 310 + z. Calculate the remainder when 186 is divided by y.
60
Suppose 5*x - 1 = -11, -796 = 4*m - 4*x. Let o = m + 286. What is the remainder when o is divided by (-6)/(-15) + (-429)/(-15)?
27
Suppose 3*j + 10073 = -5*a, 2*a + j = -4*j - 4033. Calculate the remainder when 6*4/(-60) + a/(-10) is divided by 51.
48
Suppose 3*s + 1 - 4 = 0. What is the remainder when (88 - s)*4*3/12 is divided by (-1)/(-1)*(-15)/(-1)?
12
Suppose -19*y - 510 + 605 = 0. Let a = -15 - 2. Let z = 6 - a. Calculate the remainder when z is divided by y.
3
Calculate the remainder when 50 is divided by (-18)/(-27) + ((-80)/(-15) - -6).
2
Suppose -u - 2 = -89. Let x = u - 35. Suppose 0 = o + 3*o - x. What is the remainder when 25 is divided by o?
12
Let i be ((-2288)/(-12))/((-9)/27). Let r = i + 711. What is the remainder when r is divided by 20?
19
Suppose 0 = -6*v + 37 - 7. Suppose 0 = v*z - 1 + 1. Suppose 3*q = -z*q + 213. What is the remainder when q is divided by 24?
23
Let i = 70283 + -70222. Calculate the remainder when (-1)/(-1) - (0 - 666) is divided by i.
57
Suppose 4*r + 2841 = 4*o + 1933, -4*o - 5*r + 872 = 0. What is the remainder when 857 is divided by o?
188
Suppose 316*w - 41526 = -15139 + 22909. What is the remainder when w is divided by 64?
28
Suppose 0 = -121*q + 35111 - 1527 + 1506. What is the remainder when q is divided by 23?
14
Let w = 39 + -31. Suppose 0*r + w = -2*r + q, -5*r = 2*q + 2. Calculate the remainder when 95 is divided by (-582)/(-18) + 3/((-9)/r).
29
Let g(z) = 8*z**3 + 5*z**2 - 3*z - 3. Suppose -3*l + 1 = -k - 3*k, 4*k - l - 5 = 0. Calculate the remainder when g(k) is divided by 13.
10
Suppose 2*z = 13*z - 1133. Suppose 17 = y - 0*y. Suppose -9 - y = -q. Calculate the remainder when z is divided by q.
25
Suppose -80*j - 17*j = 24*j - 12705. What is the remainder when j is divided by 87?
18
Let d = -39561 + 39564. Calculate the remainder when 38/(2 + -1) + 2 is divided by d.
1
Suppose 20 = 35*k - 34*k - 2*l, -2*k - 5*l = -67. Let t(w) = 26*w + 2. Let n be t(1). Suppose 5*v - n = 22. Calculate the remainder when k is divided by v.
6
Let d = -65 + 90. What is the remainder when (-5)/(((-1)/3)/1) is divided by 52/78 - d/(-3)?
6
Let q = 232 + -119. Let p = q - 105. What is the remainder when 13 is divided by p?
5
Let m(i) = -i**3 + 8*i**2 + 12. Suppose 11*z = 7*z - 16. Let c = z - -12. What is the remainder when 42 is divided by m(c)?
6
Calculate the remainder when 1312/(-88) + 300/20 + (-46814)/(-22) is divided by 15.
13
Let k(t) = -13*t + 3. Let o(z) = 27*z - 6. Let x(b) = -5*k(b) - 2*o(b). Let w = -1229 - -1391. Calculate the remainder when w is divided by x(4).
39
Suppose -11 = -4*a + 9. Suppose -a*c = u - 446, -5 = -u - 4*u. Calculate the remainder when c is divided by 15.
14
What is the remainder when ((-8)/(-14))/((-45)/(-75) + (-2542)/4270) is divided by 63?
59
Let t(i) = -3*i - 78. Let n be t(-27). Suppose -2*g + 5*m = -50, -14 = 3*g - 4*g - n*m. What is the remainder when 96 is divided by g?
16
Suppose 0 = -2*m + 2*z + 7 + 31, -2*z = -5*m + 89. Calculate the remainder when 798 is divided by m.
16
Suppose 0 = -13*q + 4*q + 243. Let a = -7699 + 7767. What is the remainder when a is divided by q?
14
Let m(o) = 510*o**3 + 4*o**2 - 6*o. Calculate the remainder when m(1) is divided by 136.
100
Let a be 4/(-2) - 2/(-4)*70. Calculate the remainder when (9 - 3619/a)/(2/(-3)) is divided by 38.
37
What is the remainder when 320 is divided by ((-90)/8)/(-3)*21812/2337?
5
Let g = 15522 + -15139. Calculate the remainder when 392 is divided by g.
9
Let x(y) = -12*y**2 - 26*y + 25*y**2 - 12*y**2 - 110. Calculate the remainder when x(30) is divided by 6/(-18) - 44/(-6).
3
Let d = -6280 - -6745. Calculate the remainder when d is divided by 36.
33
Suppose -7243*h + 7249*h = 3732. Calculate the remainder when h is divided by 214.
194
Let w(a) = -3*a**2 - 130*a - 248. What is 